r of 235 and z?
47
Let x(g) = -52*g + 212. Let b = -658 - -662. Let u be x(b). Calculate the greatest common divisor of u and 268.
4
Let h be ((-6)/(-7))/(7/49). Suppose -h*j - 42 = -138. Suppose -5*s = -9*s + j. Calculate the greatest common factor of s and 6.
2
Let q = 4209 + -3237. Calculate the greatest common factor of 396 and q.
36
Let h(m) = 9*m**3 - 17*m**2 + 52*m + 54. Let o be h(8). Calculate the highest common factor of o and 50.
10
Suppose 2*k - 16 = 6*k, k = 3*x - 742. What is the greatest common factor of x and 3321?
123
Let t = 32976 - 32971. What is the highest common factor of 15060 and t?
5
Let a = 27162 + -27154. What is the greatest common divisor of 19968 and a?
8
Suppose -4*l + 2*t - 31 + 469 = 0, 2*l + 4*t = 234. Suppose 1146 = 23*f + l. Calculate the highest common divisor of f and 144.
9
Suppose 78 = 6*z - 18. Suppose 10*j + 4*j - 336 = 0. Calculate the greatest common factor of z and j.
8
Suppose 4*t + 5940 = c, 2*t - 8 = -10. Calculate the greatest common factor of c and 336.
112
Suppose 4*r = 1383*y - 1378*y - 69, -5*y - 2*r + 63 = 0. Calculate the highest common factor of 11791 and y.
13
Suppose 0 = 2*b + 3*b. Suppose b*f + f - 20 = y, 3*y = -f + 20. Let w = -14862 - -14872. What is the highest common factor of w and f?
10
Let l(d) = -232*d + 1641. Let f be l(7). What is the greatest common factor of 629 and f?
17
Let o = 134 + -96. Let f be (42/35)/(9/30). Suppose 0 = 5*z - f*v - 40, 3*v = -2*z + 1 + o. Calculate the greatest common divisor of 9 and z.
3
Let t be (28/(-3))/(3/(-540)). Suppose 0 = -4*g + 2*r + 192, 17*g + 2*r = 20*g - 144. Calculate the greatest common factor of t and g.
48
Let o(f) be the first derivative of 17*f**3/3 + 3*f**2/2 + f + 33. Let a be o(4). Calculate the highest common divisor of 15 and a.
15
Suppose 14*q - q = 351. Let y(u) = -u**3 + u**2 + 11*u + 4. Let o be y(-5). What is the highest common factor of o and q?
9
Let i be -2*((-30)/150 + (-16)/(-5) + -16). What is the highest common divisor of i and 1924?
26
Let b be (-8)/((3/4)/((-138)/(-368))). Let a be (-4736)/(-111)*(-6)/b. Calculate the greatest common factor of 48 and a.
16
Suppose 212*x = 618*x - 309*x - 4074. Suppose -2*k + 141 - 1 = 0. What is the greatest common divisor of x and k?
14
Let l(b) = -2218*b - 4734. Let n be l(-9). Calculate the greatest common divisor of 188 and n.
188
Let n be 59 + -1 + 0 + 0. Let x be (0 - 87)*(2 - (55/15 + -1)). Calculate the highest common factor of n and x.
58
Let r(t) = 8*t**2 - 10*t + 179. Let h be r(8). What is the greatest common factor of h and 195?
13
Suppose -721 = 5*l + m + 798, l + 5*m = -323. Let f = 523 + l. Calculate the greatest common factor of 88 and f.
44
Let t(c) = 230*c**2 - 304*c + 616. Let z be t(2). Calculate the greatest common factor of 1102 and z.
58
Let v(g) = -256*g - 10. Let o be v(-1). Let u = 247 - o. What is the highest common factor of u and 1?
1
Let x = 308 - 303. Suppose 0 = -2*i - 4*g + 86, x*i - 4*g - 197 = -5*g. What is the highest common factor of i and 13?
13
Suppose j - 3*y = y - 18, -2*y + 2 = -4*j. Suppose -m - 306 = -4*w, 3*w = -j*w + 2*m + 381. Let c = -76 + w. Calculate the highest common divisor of c and 1.
1
Let x(j) = 162*j**2 - 222*j - 8. Let f be x(4). What is the highest common factor of f and 530?
106
Let z(t) = -2*t + 18. Let y = 3 + 7. Let l be z(y). Let s be 4695/45 - l/3. What is the highest common divisor of s and 15?
15
Let b be ((-58)/6)/(7/(-189)*-9). Let z be (-6)/((2 - 4) + b/(-15)). Calculate the highest common factor of 162 and z.
18
Let z = -60 + 66. Let q be (0 - z/(-18))/((-2)/(-12)). Suppose -d - y + 5*y + 60 = 0, q*d - 3*y - 115 = 0. Calculate the greatest common factor of 84 and d.
28
Suppose 0 = 2*o + p - 48, -2*o + 5*p = -34 - 14. Let w = -389 - -402. Let y be 2926/247 + 2/w. Calculate the greatest common factor of o and y.
12
Let v = 234 - 399. Let o be (-1178)/155 - 6/(-10) - (-5 - 3). Let g be (o + -17)/(-8)*v/(-2). What is the greatest common divisor of g and 33?
33
Suppose 0 = -r - 3*r + 100. Suppose -6*c - 4*o + 490 = 0, -4*c + 115*o - 119*o + 340 = 0. Calculate the greatest common divisor of r and c.
25
Let n = 2634 + -2557. What is the greatest common factor of 2233 and n?
77
Let o = 42045 - 32202. What is the highest common divisor of o and 17?
17
Let k be -2*1/(8/(-20)). What is the greatest common divisor of k and 29?
1
Suppose 5*b - 13*b = -11*b + 1458. What is the highest common divisor of 66 and b?
6
Let m = 13149 - 11556. Calculate the highest common factor of m and 236.
59
Let v be (2 - (123/18 + 1))/(294/(-5292)). Calculate the greatest common factor of 1785 and v.
105
Let i be (84 - (-5 + -7))/(9/618). Calculate the greatest common factor of i and 64.
64
Let j = 20072 + -19919. Let c(d) = -4 - d**3 - 4*d - 3 + 0*d - 6*d**2. Let r be c(-6). What is the highest common divisor of r and j?
17
Let p = -47 - -51. Suppose p*z + 2 = -18. Let o = z + 53. Calculate the highest common divisor of 144 and o.
48
Let z be -12*(-41512)/96 + 22. What is the greatest common divisor of 108 and z?
27
Let i be ((-4)/(-12)*-723)/(((-6)/(-38))/(-3)). Calculate the highest common divisor of 1687 and i.
241
Let k = -555 - 113. Let b = 749 + k. What is the highest common divisor of b and 459?
27
Let m be 44/(-11) - 19*-1. Suppose 0*z + 5*z - 82 = -b, 0 = 5*b + m. Let p = 27 - z. What is the highest common divisor of 20 and p?
10
Suppose -66*r - 3 = -63*r, -5*r = -4*l + 373. Calculate the greatest common factor of l and 3.
1
Let w be ((-4)/5)/((-10)/(-50)). Let x be (-4)/w*(0 - -1). Let a be (-9 - -40) + x + 0 + 1. Calculate the highest common factor of a and 11.
11
Let b = 8824 + -4174. Calculate the greatest common factor of b and 1050.
150
Let b be 6/2 - (2 + -107)/5. Let z = 77 + 19. Let f = z - 64. What is the greatest common divisor of b and f?
8
Let m(q) = 7*q**3 + q**2 + 8*q - 3. Let j be m(4). Suppose 4*a - 522 = -3*n, 4*n - j = 3*a + 178. Calculate the greatest common factor of 102 and n.
34
Let p be 563/(-5) + 30/50. Let i be (-3)/21 - (18600/70)/(-5). Let j = i - p. What is the highest common factor of j and 66?
33
Let a(f) = -f**2 + 10*f - 18. Let g be a(3). Suppose 10*w - g*w - 14 = 0. Suppose -w*s = 2*s - 36. Calculate the highest common divisor of 27 and s.
9
Let d be 4/30 + (-25 - (-2923)/15). What is the highest common divisor of d and 3230?
170
Let j = 4368 + -4362. Calculate the greatest common divisor of 1536 and j.
6
Let g be (-36)/(-8)*140/3. Let t = g + -50. Let v(f) = 28*f**3 + 6*f**2 + f - 3. Let o be v(1). What is the greatest common factor of t and o?
32
Let t(o) = o**3 - 20*o**2 + 251*o + 1. Let g be t(21). Calculate the highest common divisor of g and 145.
29
Let i(t) = -108*t - 20. Let w be i(-3). Suppose -11*x + 10*x + 57 = -4*b, -5*x + b + w = 0. Calculate the highest common factor of x and 244.
61
Suppose 10*y - 4 = 8*y. Suppose 0 = 2*l + 3*m - 44, 2*m - 17 = -l - y*m. Suppose 14 = 5*v - 861. What is the highest common divisor of v and l?
25
Suppose 0 = -2*c - 2*g + 14, 0 = c - 6*c + 4*g + 26. Let p = -23048 - -23070. Calculate the highest common divisor of c and p.
2
Suppose -13*w = 16*w - 5*w - 8640. Calculate the highest common factor of 8136 and w.
72
Let b = -217 + 222. Suppose b*g - 7 = -2*r + 193, -3*r + 195 = 5*g. What is the greatest common factor of 24 and g?
6
Let a be -2*4/(-4) + -45. Suppose 2*j - 117 = -4*k - k, -2*j + 3*k + 125 = 0. Let l = a + j. What is the greatest common factor of 45 and l?
9
Let h be 4/(-16) - 126/(-56). Let z be (10 - h) + (-45)/(-1). What is the highest common divisor of z and 424?
53
Let h = -65 - -169. Suppose 4*k - 642 = -6*n, -2*k - 5*n = 2*k - 639. Calculate the highest common factor of h and k.
52
Let k(j) = 992*j**2 - 23*j + 21. Let c be k(1). What is the greatest common divisor of c and 130?
10
Let y = 44 - 40. Suppose -y*t - 2*n - 18 = 0, -5*n = -3*t + 7 - 40. Let m be t/12 - 123/(-6). What is the highest common factor of m and 60?
20
Suppose 0 = -8*c - 17*c + 125. Suppose -5*b - 2735 = -c*o, -2*b - 1221 = -5*o + 1505. Calculate the greatest common divisor of o and 32.
32
Suppose 8 = 3*f - 7. Suppose -170*o + 124*o = -68 - 254. Suppose -f*c + 2*b = -126, -c + o*b + 33 = 4*b. Calculate the greatest common divisor of 40 and c.
8
Let w(u) = u**2 